 Let k(b) = b**2 - 52*b + 205. Let u be k(4). What is the highest common divisor of t and u?
13
Suppose -165*y + 2436 = -151*y. Calculate the highest common factor of 1102 and y.
58
Let m = 123 - 115. What is the greatest common factor of 52 and m?
4
Let w = 318 - 43. Let v = w - -77. Calculate the highest common factor of 32 and v.
32
Let h be 19292/16 - 2/(-8). Calculate the greatest common divisor of h and 36.
18
Let x(i) = i**2 - 4*i - 3. Let t be x(5). Suppose -w = -t*w + 5. Let c = 1 + w. Calculate the greatest common divisor of c and 42.
6
Suppose -4*g + 6 = -2, 4*s - 5*g = 870. Calculate the greatest common factor of s and 44.
44
Let b(f) = -f + 3. Let g be b(3). Suppose -2*a + 14 + g = 0. Suppose -4*t + 2*w + 46 = 0, -2*t + 36 = w + 3. What is the greatest common divisor of t and a?
7
Let t = -659 - -1050. Calculate the greatest common divisor of 17 and t.
17
Let f be 40128/88*(-4)/(-6). What is the greatest common divisor of f and 19?
19
Let b(r) = 7*r + 7. Let i = 76 - 73. Let l be b(i). Let h be (0 - 7)/((-2)/32). Calculate the greatest common divisor of h and l.
28
Let j = -1774 - -1791. Calculate the greatest common divisor of 493 and j.
17
Let f(c) = -c**3 + 9*c**2 - c - 13. Let a be f(9). Let i = a - -37. Let d = -21 - -36. Calculate the greatest common factor of i and d.
15
Let g = 403 + -394. Calculate the highest common divisor of g and 6.
3
Suppose 4*p = -0*p + 3*v - 7, 3*p + 5*v - 31 = 0. Let a = 7 - 4. Suppose -3*j + a = 0, 3*j - 51 = -4*o + 8*j. What is the highest common factor of p and o?
2
Suppose 3*z - 212 + 200 = 0. What is the greatest common divisor of 32 and z?
4
Let q = 356 - -136. Calculate the greatest common divisor of q and 24.
12
Let b be 1 + (6/3 - -3). Let y be (-3)/b - (-10)/4. Suppose -3*a - 3*m = -9, -4*a = -7*m + 2*m - 3. What is the greatest common divisor of y and a?
2
Let c be 5/3 - 3/(-9). Suppose 100 = -4*l + 204. What is the greatest common factor of c and l?
2
Let k(l) = -l**3 - 2*l**2 - 4*l - 5. Let p be k(-3). Suppose 4*s + 176 = 2*u - p, 2*u - 5*s - 196 = 0. Calculate the greatest common divisor of 11 and u.
11
Let s be (-10)/6 - (-22)/6. Suppose 90 = 5*w - 4*k, 6*w - s*w - 3*k - 72 = 0. What is the greatest common divisor of w and 45?
9
Suppose 5*l - 5*r = 0, -2*l + 5*r - 24 = -3*l. Suppose 0 = -5*i + l*i + 16. Suppose 11*g - 264 - 88 = 0. What is the greatest common divisor of i and g?
16
Suppose 2*b - 15 = r, 0*b + 24 = -r - b. Let s = -20 - r. Let i be (-2)/((-68)/(-70) - s). What is the highest common divisor of i and 28?
14
Suppose -12*l - 2664 = -24*l. What is the greatest common divisor of l and 6?
6
Let s(i) = 3*i**2 + 1. Let o be s(2). Suppose 2*y - 552 = -2*y. Let j = 203 - y. What is the highest common factor of o and j?
13
Suppose 0 = 2*s + v - 11, -3*v + 27 + 1 = 5*s. Let a(d) = 2*d**3 - 6*d + 5. Let z be a(s). Calculate the greatest common divisor of z and 25.
25
Let g = -13 + 16. Let d(j) = 6*j**2 + 4 + 0 - 6*j - g*j**2 + 0. Let p be d(4). Calculate the highest common factor of p and 42.
14
Suppose k = 4*k - 6, -262 = 4*g - k. Let m be (-44)/10 - (-42)/(-70). Let y = m - g. Calculate the highest common factor of y and 24.
12
Let j(i) be the first derivative of i**3/3 + 7*i**2/2 + 5*i + 2. Let f be j(-4). Let m be (-7)/f*(-11)/(-1). Calculate the greatest common divisor of 33 and m.
11
Let d(x) = x**3 + 16*x**2 - 20*x - 29. Let m be d(-17). Suppose 0*r - 2*r + 22 = 0. Calculate the greatest common factor of r and m.
11
Let j = -6 + 9. Suppose -4*p + d + 99 = 0, 88 + 23 = 5*p + 3*d. Calculate the greatest common factor of p and j.
3
Let b(d) = d**3 + 14*d**2 - 16*d - 6. Let r be b(-15). What is the highest common divisor of 423 and r?
9
Let m = 38 - 26. Let d be (5/(-4 + -1))/(3/(-12)). Suppose -2*h + 666 = 5*o, d*h + 648 = o + 4*o. Calculate the highest common factor of m and o.
12
Let i be ((-3)/(-2))/3 + (-450)/20. Let l = i + 53. What is the highest common factor of 62 and l?
31
Suppose 0*q = -5*q + 250. Let r = -8 + q. What is the highest common divisor of r and 14?
14
Suppose 5*o - 44 = -4*n + 2*o, 4*o = 2*n - 44. Suppose 5*s - 33 = 47. Let q be n*1 - s/(-8). What is the greatest common divisor of q and 96?
16
Suppose 40*o - 1352 = 38*o. What is the greatest common divisor of o and 52?
52
Let s = 1100 + -756. Calculate the highest common factor of 43 and s.
43
Let k be (486 + 8 - 2)/2. What is the greatest common divisor of 328 and k?
82
Let y(j) = 2*j**2 + 3*j - 43. Let m be y(-7). What is the highest common divisor of 374 and m?
34
Let p = 5 - 21. Let k be (-3)/2*(-24)/(-9). Let x be k/3*36/p. Calculate the greatest common factor of x and 27.
3
Let x = 27 + -23. Suppose 0 = 4*d + x*o - 20, -4*d + 3*d - 2*o + 8 = 0. Let k be (1 + 1)*d - -87. Calculate the greatest common divisor of 13 and k.
13
Suppose -k + m + 3 = 0, -2*m + 11 = 5*k - 5*m. Let f = k + 1. Suppose 0 = -0*d + d - 14. Calculate the highest common factor of d and f.
2
Let l be (2 - 39/21)*(2 + 299). Calculate the greatest common divisor of l and 86.
43
Suppose 0 = -0*n + 2*n + 4. Let w = 6 + n. What is the highest common factor of 20 and w?
4
Let z = 261 - 247. Suppose -3*f - 4*a = a - 63, 3*a = 3*f - 63. Suppose p - 2*p = -f. What is the greatest common factor of p and z?
7
Let v be 7 - (-2)/(4 + -4 - 1). What is the greatest common divisor of v and 95?
5
Suppose 101*a - 99*a = 230. Calculate the highest common factor of a and 92.
23
Suppose -3*i - 4*a = 18, i = 4*a - 2*a + 4. Let s be (-2)/(32/(-34)) + i/16. Let j be 1/(-2) - (-17)/2. Calculate the highest common factor of s and j.
2
Let s(h) = h**3 + 3*h**2 - h - 4. Let o be s(-4). Let g = o - -23. Suppose 280 = -0*r + 5*r. What is the highest common factor of r and g?
7
Let o = -54 - 106. Let u = 244 + o. Calculate the highest common factor of u and 21.
21
Let q = -73 - 0. Let i = q - -105. Suppose l = 10 + i. Calculate the highest common factor of 63 and l.
21
Let u = 26 - -6. Let b = u - 23. Let y(m) = m**3 + m**2 - 3*m - 1. Let t be y(-2). Calculate the greatest common divisor of t and b.
1
Let f be 8/(-6)*(-1287)/52. What is the highest common factor of 21 and f?
3
Let h = 30 - 23. Let o(t) = t**3 - 7*t**2 + 4*t + 5. Let s be o(h). Calculate the greatest common divisor of s and 22.
11
Suppose 0 = -3*m + 6*q - 11*q + 80, 4*q = -5*m + 116. Calculate the highest common divisor of m and 790.
10
Let w(v) = -38*v + 1. Let i = -18 - -23. Let q(b) = 39*b. Let k(h) = i*q(h) + 4*w(h). Let z be k(2). Calculate the greatest common factor of 10 and z.
10
Let l(o) = 5*o**2 + 29*o + 154. Let m be l(-6). Calculate the highest common divisor of m and 88.
8
Let f be 162/4 - 1/2. Let i(m) be the first derivative of 5*m**2 + 10*m + 18. Let y be i(0). Calculate the highest common factor of y and f.
10
Let j(p) = -p**3 - 5*p**2 - 3*p - 2. Let h be j(-4). Let t be -1 + 8*(-9)/h. Suppose 0 = -4*n + 33 + 11. Calculate the highest common factor of t and n.
11
Let c be 7/(21/193)*3 + -4. Calculate the greatest common factor of c and 42.
21
Let i = 47 - 31. Suppose -2 + 8 = 3*w. What is the greatest common divisor of w and i?
2
Let n(f) = -829 + 5*f - 5*f + 837 - 5*f**2 - f**3. Let o be n(-5). What is the greatest common factor of 4 and o?
4
Let z = -1745 + 1898. Calculate the highest common factor of z and 17.
17
Suppose -10*l = -1795 + 1495. Calculate the greatest common factor of 285 and l.
15
Suppose -2*w + 6 = -d, 2*d - 9 = -3*w - 2*d. Let g = -122 + 149. What is the greatest common divisor of w and g?
3
Suppose 0 = -69*m + 10487 + 4831. Calculate the highest common divisor of m and 18.
6
Let c = 17 - 17. Let r = c - -13. Calculate the highest common factor of r and 26.
13
Suppose -5*p = -5*b, -6*b = -b - 4*p - 5. Let j be -4 + (b - (-1 - 0/2)). Calculate the highest common divisor of j and 2.
2
Suppose -2*d = -3*d + 7. Suppose -j = -23 + d. Let n = 17 + -1. What is the greatest common factor of n and j?
16
Let j = -37 - -41. Let u(f) = f - 3. Let b(h) = 2*h - 6. Let l(x) = -6*b(x) + 13*u(x). Let y be l(j). Calculate the highest common divisor of 1 and y.
1
Suppose 5*j + 538 = 28. Let k be (-6)/(-2)*(-2 + j/(-9)). Calculate the highest common factor of k and 70.
14
Let s = -7 - -16. Let i(g) = g**2 - 10*g - 23. Let u be i(8). Let b be ((-10)/2 + 2)/(13/u). What is the